 3. Let n(f) = 5*j(f) - z(f). Let o be n(-3). Suppose -k - 18 = -o*h - 2*k, -5*k = h + 6. What are the prime factors of h?
2
List the prime factors of 2 - -33 - (0 + 2).
3, 11
Suppose 5*u + 1 = 3*i, -4*u - 3 = i - 9. Let n be i/(-5) + 65/(-25). Let z(a) = -8*a - 3. What are the prime factors of z(n)?
3, 7
Suppose -5*o = -0*o - 15. Suppose b + 7 = 2*g, -12 = 4*g - g + o*b. Suppose 3*u - 7 = -g. What are the prime factors of u?
2
Let n = 4 + -4. Let y be (n - 1)/(2/18). Let p = 0 - y. List the prime factors of p.
3
Suppose 3*q = 3*z + 9, -4*q + z = -5 - 10. Suppose y - 4*j - 15 = 0, j + 2*j + 34 = q*y. What are the prime factors of y?
7
Suppose -11*g + 8*g + 168 = 0. What are the prime factors of g?
2, 7
Suppose 0*h = 2*h - 12. Let d(v) = -v + 5. Let c be d(11). List the prime factors of c*(4/h - 1).
2
Suppose k - 6 = -2*k. Suppose 2*p + 0*p = -k. List the prime factors of (-1)/(-2 - p) - -1.
2
Suppose l + 82 = -6. Let i be (0 + 0)/3 - l. Suppose 5*v = -33 + i. What are the prime factors of v?
11
Let t(x) = 1. Let v(w) = -w**2. Let c(y) = 2*t(y) - 3*v(y). Let n be c(-3). Suppose a = -2*a + 4*u + n, 43 = 5*a - 4*u. List the prime factors of a.
7
List the prime factors of (4/5)/((-7)/(-1120)).
2
Suppose 0 = 59*g - 60*g + 375. List the prime factors of g.
3, 5
Suppose g - 3*k + 1 = 0, 2*k = -6*g + 5*g + 4. Let h be (2/3)/(g/9). Let b = h + 1. List the prime factors of b.
2
Suppose 0 - 19 = l. Let h = 35 + l. What are the prime factors of h?
2
Suppose 0*x = -x + 21. Suppose x = 4*y + l + 5, 4*y - l = 8. Let a(b) = 6*b - 2. List the prime factors of a(y).
2
Let s(o) = 3*o**3 - 5*o**2 - 3*o + 11. What are the prime factors of s(5)?
2, 3, 41
Suppose 2*c = 5*c. Suppose c = 5*t + 4*f - 12, 4*t + f = -f + 12. What are the prime factors of t?
2
Suppose -3*n + 14 = 2*q, 2*n - 6 = -q + 3. Suppose -v - q + 3 = 0. List the prime factors of v.
2
Suppose -2*q + 15 + 59 = 0. What are the prime factors of q?
37
Suppose 27*c - 33*c = -2340. List the prime factors of c.
2, 3, 5, 13
Suppose -6 = -5*q + 4. List the prime factors of (q - -1) + -2 - -10.
11
Suppose 5*p + 10 = w, 5*w + 0*w + 2*p = -4. Suppose 6 = -w*x + x. What are the prime factors of x?
2, 3
What are the prime factors of (-2)/(-5) - (-24219)/115?
211
List the prime factors of (-36)/24 + 222/4.
2, 3
Let k = -48 + 19. Let z = -9 - k. What are the prime factors of z?
2, 5
Let m(i) = 6*i + 1. Let b be (1 - 1) + 2 + 0. What are the prime factors of m(b)?
13
Let h(f) = f**2 - f + 1. Let u be h(2). List the prime factors of (-15)/2*(u + -5).
3, 5
Let a = 10 + -5. Suppose a*w - 14 - 81 = 0. What are the prime factors of w?
19
Let j = 70 - 28. What are the prime factors of j?
2, 3, 7
Suppose -s = 0, 0*c - 5*s - 402 = -3*c. Suppose -3*f = 4*v - 7*f - 112, 0 = 5*v + f - c. What are the prime factors of v?
3
Let q(x) = -46*x - 6. List the prime factors of q(-2).
2, 43
Suppose 2*g - 4*f = 69 + 357, 0 = -3*g - f + 667. List the prime factors of g.
13, 17
Let g(h) = -h**3 - 8*h**2 - 8*h + 6. List the prime factors of g(-7).
13
Suppose 0 = -2*z - 10*z + 1788. List the prime factors of z.
149
Let r = 148 - 104. What are the prime factors of r?
2, 11
Suppose 4*h + 146 = j + h, -2*h - 691 = -5*j. List the prime factors of j.
137
Suppose -s + 4*u + 166 = 0, 2*u = -3*s + 5*s - 326. List the prime factors of s.
2, 3
Suppose 0 = 2*y - 5*c - 71, 0 = -2*y + 5*c - 2*c + 61. List the prime factors of y.
23
Let t(n) be the second derivative of -n**4/12 + 4*n**3/3 - 2*n**2 + 2*n. List the prime factors of t(3).
11
Let p(x) = x**2 + x + 10. Let s = -6 - -8. Suppose -s*y + 5 + 1 = 2*d, 4*d = -3*y + 12. List the prime factors of p(y).
2, 5
Let o be 6*(2/3 - 2). Let z = 23 + o. Suppose -b + 2*c = -10, 0 = -5*b - 4*c + z + 49. What are the prime factors of b?
2, 3
Let l = -6 - 2. Let k(p) be the first derivative of -p**3/3 - 4*p**2 + 10*p + 3. What are the prime factors of k(l)?
2, 5
Suppose 4*c = -12, 4*g + 2*c = c + 237. What are the prime factors of g?
2, 3, 5
Let j be (-1 - -2)*(-3 + 5). Suppose -j = 4*r - 18. What are the prime factors of r?
2
Let w(x) = -3*x - 5. What are the prime factors of w(-8)?
19
Let a = -6 - -8. Suppose -a*r + 52 = -0*r. Suppose -n - r = -5*x, -5*n - 5 = -0. What are the prime factors of x?
5
Let b be (2/4)/((-2)/92). Let a = -27 - 8. Let g = b - a. List the prime factors of g.
2, 3
Let n(y) = 3*y**2 - 18*y + 9. Let c be n(6). Let o(k) be the first derivative of -k**3/3 + 11*k**2/2 - k + 1. What are the prime factors of o(c)?
17
Let p = -81 - -118. What are the prime factors of p?
37
Let t(y) be the third derivative of 4*y**2 + 0 - 5/3*y**3 + 1/8*y**4 + 0*y. What are the prime factors of t(9)?
17
Let r = -7 - 1. Let q = r - -51. List the prime factors of q.
43
Let n = -1 - -2. What are the prime factors of (9 - 1) + n + -3?
2, 3
Let z be (-6)/(-4)*(-20)/(-2). Let l(h) = h**2 + 14*h - 18. Let r be l(-16). Suppose 4*d + r = 2*c, -4*c - 5*d + 13 = -z. List the prime factors of c.
7
Let x = 6 - 1. Suppose -x*v = -7*v + 72. What are the prime factors of v?
2, 3
Suppose 3*u - 7*u = -296. What are the prime factors of u?
2, 37
Suppose 2*n + 4 = 0, 3*n + 0*n = v - 19. What are the prime factors of v?
13
Let b(n) = 1. Let k(v) = 6*v + 3. Let q(c) = 4*b(c) - k(c). Suppose 13 = -3*r - 5*x, -x - 5 = -3. List the prime factors of q(r).
7
Suppose -259 = -2*m + 5*g, -4*g = -3*m + m + 262. What are the prime factors of m?
137
Let d(x) = 2*x**2 - 9*x - 11. List the prime factors of d(6).
7
Suppose 5*o = 9*o + 16. List the prime factors of o/22 - 1064/(-44).
2, 3
Let q(r) = r**3 - 3*r**2 + r - 2. Let v be q(3). Let w = v - -13. What are the prime factors of w?
2, 7
Suppose 875 - 299 = 3*y. Suppose 3*w = 4*j + 136, 0 = -w - 4*w - 2*j + y. What are the prime factors of w?
2, 5
Let f(a) be the second derivative of -4*a**3/3 + 3*a. Let o be f(-3). Let l = 41 - o. What are the prime factors of l?
17
Let a = -30 - -14. Let c = -9 - a. What are the prime factors of c?
7
Let j(r) be the third derivative of r**4/12 + r**3 - r**2. What are the prime factors of j(7)?
2, 5
Let r(i) = 2*i - 1. Let v = -4 - -8. What are the prime factors of r(v)?
7
Let a be (-2)/(-6)*-8*-3. Let v = a - 3. Suppose v*c = 3*c + 4. List the prime factors of c.
2
Let w = -106 + 52. Let q = -36 - w. List the prime factors of q.
2, 3
Let x = -4 - -2. Let r = 2 + x. Suppose -5*m + 35 = -r*m. List the prime factors of m.
7
Suppose -2*s = 1 - 5. Suppose h - 2 = 0, -43 = -5*p + s*p + h. List the prime factors of p.
3, 5
Suppose -4*y - 2 - 10 = 0. Let t be ((-12)/(-9))/((-1)/y). Suppose -2*w - 3*q = -q - 16, t*q + 1 = -w. List the prime factors of w.
11
Let a be 30/4*(-2)/(-3). Suppose 200 = a*l - 4*f, 2*l + l + 2*f = 120. List the prime factors of l.
2, 5
Let n = 47 - 68. Let y be 13 + -12 - (0 + 13). Let w = y - n. List the prime factors of w.
3
Let y = -60 + 207. What are the prime factors of y?
3, 7
Let o(b) = -41*b**3 - 2*b**2 + b + 3. List the prime factors of o(-1).
41
Let v be ((-98)/(-21))/((-1)/3). List the prime factors of v/5*(-5)/2.
7
Suppose 3*u + 27 + 19 = o, 0 = 3*u - 9. Suppose -4*n - o = -19. Let b(d) = -d + 5. What are the prime factors of b(n)?
2, 7
Suppose 5*l + m - 3*m - 8 = 0, 5*m + 20 = -l. Let x = -19 - -43. Suppose -q - 3*q + x = l. List the prime factors of q.
2, 3
Let q = -120 - -197. Suppose 3*f = t + q - 2, -3*t + 125 = 5*f. What are the prime factors of f?
5
Let d be (-1 - -2)*(-5 + 9). Suppose -f - d*f + 70 = 0. What are the prime factors of f?
2, 7
Let p be (0 - 7)/((-2)/8). Let r = 39 - p. What are the prime factors of r?
11
Suppose 4*l + 12 = 4*r, 6*r = r - 20. What are the prime factors of (-5 - l) + 28 + 1?
31
Let q(m) = m**3 + m + 59. What are the prime factors of q(0)?
59
Let w(m) = -m + 19. Let c be w(8). Let s = c + -6. List the prime factors of s.
5
Let w = 138 + -54. Suppose 3*k = -k + w. What are the prime factors of k?
3, 7
Let o(r) be the third derivative of r**5/30 - r**4/12 + r**2. Suppose -2*l - 3 = 1. List the prime factors of o(l).
2, 3
Let l be 3/(-12) - 75/(-12). Suppose j - l = 10. List the prime factors of j.
2
Let u(g) = -2*g**3 - 2*g**2 - 1. Suppose -4*p - 3 = 37. Let o be 2/(-6) - p/(-6). What are the prime factors of u(o)?
7
Suppose 0 = 4*h + 14 - 206. Suppose -5*g - 4*w + 5*w + 80 = 0, -3*g + w = -h. S